ase 11, what is 5 + -447a8510?
-447a8506
In base 4, what is -3 - 12323212030123?
-12323212030132
In base 13, what is 135 - 80a3?
-7c6b
In base 9, what is 3500 - -36710?
41310
In base 14, what is 3 - -a22746?
a22749
In base 14, what is -3 + 81d6c91?
81d6c8c
In base 2, what is -1010 + 110001110110100000000110?
110001110110011111111100
In base 7, what is -1350615 + 20?
-1350565
In base 15, what is 1d - -474d56?
474d74
In base 12, what is 2 - 157a3b65?
-157a3b63
In base 16, what is -203 + -939?
-b3c
In base 7, what is 105 + 135634?
136042
In base 15, what is 29 + -65006?
-64ecc
In base 6, what is 23122125311 + -5?
23122125302
In base 8, what is 170642 - -326?
171170
In base 6, what is -42405002 + -5?
-42405011
In base 3, what is 2020211202 - -202121010?
10000102212
In base 10, what is -153 + 17575?
17422
In base 15, what is -1702 - -1ad6?
3d4
In base 4, what is 2101103333 - -31?
2101110030
In base 5, what is -1 + -41142402140?
-41142402141
In base 4, what is -1220 + 33031003?
33023123
In base 5, what is -10 - 330002212411?
-330002212421
In base 10, what is -17440954 - 4?
-17440958
In base 14, what is 6c6a + 144?
6db0
In base 2, what is -101110010100111001100000 - -100010?
-101110010100111000111110
In base 15, what is 4 - 344d2a1?
-344d29c
In base 12, what is -6 + 145141?
145137
In base 3, what is 1111210 - -11121112002?
11200000212
In base 9, what is 22377525 - -64?
22377600
In base 12, what is 0 - -3580858?
3580858
In base 7, what is -46643 - 26054?
-106030
In base 12, what is -13b + 13?
-128
In base 5, what is 10421032102 + -10?
10421032042
In base 9, what is 22136 - 10311?
11725
In base 16, what is 16 + 23ee7e?
23ee94
In base 4, what is 322201 - 11113221?
-10131020
In base 2, what is 1 + 101000110110001100111?
101000110110001101000
In base 8, what is -2 + -634112475?
-634112477
In base 8, what is -134522 - -246?
-134254
In base 5, what is 1113134 + 221?
1113410
In base 13, what is 31693 - 32b?
31365
In base 4, what is 223132100133 + 2?
223132100201
In base 15, what is -313 + -57e86?
-58299
In base 4, what is -3 - 232231310?
-232231313
In base 2, what is -1000110110000 + -10100110001?
-1011011100001
In base 14, what is 103188 + 11?
103199
In base 9, what is 3574 + 8854?
13538
In base 14, what is 345677 + b5?
34574c
In base 3, what is 11112 + -11210210222?
-11210122110
In base 7, what is -2 + -4105011?
-4105013
In base 8, what is 2350 + -3635?
-1265
In base 6, what is 3111 - 3241121?
-3234010
In base 2, what is 110001011100011101101 + 101?
110001011100011110010
In base 12, what is -46 + b70011?
b6bb87
In base 6, what is 11315040 - 11?
11315025
In base 15, what is 4 + 82cb3e?
82cb43
In base 6, what is -41252 + -131240?
-212532
In base 13, what is -4631b8 - 8?
-4631c3
In base 13, what is 5 - -33a7c?
33a84
In base 9, what is 584 - 30753?
-30158
In base 9, what is -10444 + -145318?
-155763
In base 2, what is -101000100011011010100011 - -101?
-101000100011011010011110
In base 7, what is 2 - 113424355?
-113424353
In base 16, what is -c1039 + -5?
-c103e
In base 4, what is 10 + 213000223102?
213000223112
In base 2, what is -111 - -100001001010111011001101?
100001001010111011000110
In base 4, what is 112223212 + -231112?
111332100
In base 12, what is 73903 - 822?
730a1
In base 6, what is -234 + 401312?
401034
In base 7, what is 1030543 + -14?
1030526
In base 11, what is -5 + a466750?
a466746
In base 6, what is 145332 + 13144?
202520
In base 11, what is 38 + 109aa6?
10a033
In base 6, what is 4052 - 10424525?
-10420433
In base 11, what is 318227 - -63?
31828a
In base 9, what is 7553715 + 2?
7553717
In base 6, what is 315553 + -55354?
220155
In base 6, what is 300311 - -213?
300524
In base 10, what is -55 - 9476636?
-9476691
In base 11, what is -2a49 + -367?
-3305
In base 15, what is -a9d3b5d - -5?
-a9d3b58
In base 14, what is -d6bb11 - -5?
-d6bb0a
In base 6, what is -2240235425 - -10?
-2240235415
In base 15, what is -2290ad0 + 4?
-2290acb
In base 15, what is -34 - -ba7b8?
ba784
In base 6, what is -5121 - -410?
-4311
In base 10, what is -4 + 387812?
387808
In base 3, what is 10 - -1021220221120120?
1021220221120200
In base 11, what is 17 + 274a648?
274a664
In base 8, what is 35262 - -1103?
36365
In base 16, what is -16132936 - 4?
-1613293a
In base 5, what is -40 + -1304101?
-1304141
In base 14, what is 18 - 847d44?
-847d2a
In base 9, what is -1127 - -18401?
17263
In base 9, what is -566 - -150766?
150200
In base 6, what is -2 + -153001224?
-153001230
In base 16, what is 6df38 - -d?
6df45
In base 11, what is 16 - 33704?
-33699
In base 5, what is -31441010441 - 3?
-31441010444
In base 16, what is -6 + 3c9e65?
3c9e5f
In base 9, what is -566 - 55453?
-56130
In base 9, what is -86668474 + -3?
-86668477
In base 6, what is -25421 - -3315?
-22102
In base 15, what is -123 - -75e61?
75d3d
In base 10, what is 355774007 - -4?
355774011
In base 13, what is -4 - ba778?
-ba77c
In base 3, what is 11 - -200222202212111?
200222202212122
In base 11, what is 1117307 - a1?
1117216
In base 5, what is -4 - -20340140132?
20340140123
In base 13, what is 47878a62 - 4?
47878a5b
In base 2, what is 100 + 1101100110011101001101?
1101100110011101010001
In base 5, what is -420343 + 33320?
-332023
In base 8, what is 27653 - 13643?
14010
In base 5, what is 3 - 212240243100?
-212240243042
In base 11, what is -71 + 124743?
124682
In base 9, what is 184 + 7831?
8125
In base 8, what is 61264 + -16?
61246
In base 15, what is -6a - 416dd?
-41758
In base 8, what is 1 - -121020236?
121020237
In base 14, what is -19 + 4c6a99?
4c6a80
In base 10, what is -68620115 + 4?
-68620111
In base 16, what is 9 - -6931?
693a
In base 15, what is 50664 + 75?
506d9
In base 8, what is 1600 - -27755?
31555
In base 4, what is 101131023 - -110?
101131133
In base 11, what is 21285 - -1016?
222a0
In base 3, what is -111111001011201 - -111?
-111111001011020
In base 6, what is 4 + 154452330?
154452334
In base 10, what is -3830 - -371?
-3459
In base 10, what is -10851540 - 4?
-10851544
In base 16, what is 89117d1 + -3?
89117ce
In base 2, what is -11001001000110111 + 110110?
-11001001000000001
In base 11, what is -525810 + 33a?
-525481
In base 7, what is 13 - 3503016?
-3503003
In base 11, what is -438a8 + -585?
-44382
In base 11, what is -93102 + 40?
-93072
In base 3, what is 221202112112 - -21?
221202112210
In base 15, what is d77 - -50a8?
5e30
In base 11, what is 5 + 27857155?
2785715a
In base 8, what is 1726 + 4046?
5774
In base 13, what is 248 - 18093a?
-1806c2
In base 8, what is -214 + 424013?
423577
In base 9, what is 527650 - -185?
527845
In base 8, what is -13 - -4030641?
4030626
In base 3, what is -12021120 + 21020122?
1222002
In base 14, what is 7d + 132017?
132096
In base 5, what is 1144013 - -343?
1144411
In base 7, what is -2 + 16065144?
16065142
In base 8, what is -10 - -1751334?
1751324
In base 9, what is 2 + 115417585?
115417587
In base 11, what is 3 + -a925418?
-a925415
In base 14, what is -821d8 - 57?
-82251
In base 10, what is 6 + 2443445?
2443451
In base 4, what is 3113103123 - 133?
3113102330
In base 6, what is 52433410 - 15?
52433351
In base 4, what is 23231102 + 210?
23231312
In base 15, what is 1752 + -1272?
4d0
In base 9, what is 145767141 + 4?
145767145
In base 8, what is -21037771 + 64?
-21037705
In base 14, what is 90bc9 - -19?
90c04
In base 12, what is -3 + -277701?
-277704
In base 10, what is -387177 - -48?
-387129
In base 11, what is 5054 + 11576?
1661a
In base 14, what is -669b - 71?
-672c
In base 8, what is -236602552 - 4?
-236602556
In base 5, what is -11203220341 - 0?
-11203220341
In base 16, what is 8131d + -4c?
812d1
In base 2, what is 1111111101001 + -1100110000?
1110010111001
In base 14, what is -12cd + ba13?
a724
In base 9, what is 70 - -8326?
8406
In base 7, what is -1304010 - 13?
-1304023
In base 12, what is -12385 + -7539?
-19902
In base 16, what is 490a63 - 8?
490a5b
In base 3, what is -1111 - 12101020201?
-12101022012
In base 16, what is 0 - 1d32f8?
-1d32f8
In base 3, what is -1 - -111110002022201?
111110002022200
In base 8, what is 606 + 533664?
534472
In base 12, what is -2 - 119a40?
-119a42
In base 14, what is 24a0113 + 5?
24a0118
In base 11, what is -478a09 + -307?
-479215
In base 16, what is -3c + -b92fb?
-b9337
In base 15, what is 49d6228 - -1?
49d6229
In base 15, what i